ed by i.
15
Suppose -n = -3*n - 3*d + 507, -2*n + 3*d = -489. Suppose n = 93*f - 90*f. Calculate the remainder when f is divided by 18.
11
Let g be 3*4/(-24)*10. Let z(l) = 2*l**2 + 4*l + 3. What is the remainder when 96 is divided by z(g)?
30
Suppose 37*r - 65*r = -1736. Calculate the remainder when 309 is divided by r.
61
Let d = 20 - 15. Suppose d*k + z + z - 15 = 0, 3*k + 5*z = -10. Suppose k*a - 25 = 0, 4*o - 5*o - 5*a + 68 = 0. What is the remainder when o is divided by 11?
10
Let z = 38 - 26. Suppose -7*k + z*k = 20. Suppose -a = -2*a + 9. What is the remainder when a is divided by k?
1
Suppose -2*r = -0*r + 16. Let k = -42 - -59. Calculate the remainder when k is divided by 41/4 - (-2)/r.
7
Let u be 8/(-3)*15/(-20). Suppose 0*i = -u*i + 330. Calculate the remainder when i is divided by 42.
39
Suppose 0 = -73*n + 77*n. Suppose -4*s + p + 113 = 0, n = -2*s + 2*p + 3*p + 43. What is the remainder when 81 is divided by s?
23
Let g(s) = s**2 + 4*s + 4. Let y = 114 - 8. Calculate the remainder when y is divided by g(-8).
34
Let g = -7 - -18. Let d be 1 + (-24)/9*3. Let s(m) = m**3 + 7*m**2 - 3*m + 9. Calculate the remainder when s(d) is divided by g.
8
Suppose -34*b = -36*b - 36. Calculate the remainder when b/(-42) + (-2259)/(-21) is divided by 16.
12
Suppose 0 = 22*o - 24*o + 856. Suppose -z - 528 = -2*v - 3*v, 4*v = -2*z + o. What is the remainder when v is divided by 18?
16
Suppose 0 = q + s - 145, 2*q + q - 428 = 4*s. Calculate the remainder when q is divided by 65.
14
Suppose 3*i + 4*c = 50, -c = -0 - 2. Suppose -26 = -4*x - i. Let r = -2 + 4. What is the remainder when x is divided by r?
1
Let h(x) = 2*x**2 + 8*x**3 - 6*x**3 + 0 + 0 - 1. Let q be h(1). Suppose q*k + 78 = 3*c, -86 - 29 = -5*c + 2*k. What is the remainder when 41 is divided by c?
20
Let g = -16 - -14. Suppose -3*c + 10 = -f - 27, 5*c - 63 = 2*f. Calculate the remainder when g + (-176)/(-6 - -2) is divided by c.
9
Let l(u) be the second derivative of u**4/12 - 4*u**3/3 + 8*u**2 - 2*u. Calculate the remainder when l(11) is divided by 5.
4
Let y(g) = g**2 - 11*g - 160. Calculate the remainder when 298 is divided by y(-9).
18
Let l = -774 + 792. What is the remainder when 159 is divided by l?
15
Suppose -4*x + p + 113 = 0, -2*x + 3*p = -0*x - 59. Calculate the remainder when 138 is divided by x.
26
Let w(g) = -4*g + 2. Let k be w(1). Let d be (k - -2)/(-4) - -2. Suppose -3*x + d*x + 14 = 0. What is the remainder when 55 is divided by x?
13
Suppose -5*m - p = -8*m + 7, 14 = 4*m + p. Let a(u) = -u**2 - 3*u + 8. Let o be a(-5). Let l = o + 11. Calculate the remainder when l is divided by m.
0
Let f(j) = j**3 + 5*j**2 + 7*j + 7. Let w be f(-5). Let k = 48 + w. Let s(h) = 3*h**2 - 5*h - 1. What is the remainder when s(6) is divided by k?
17
Let z be ((-14)/(-5))/2*(4 - -1). Calculate the remainder when 30 is divided by (-4)/((-55)/70 - (-2)/z).
6
Let s = -9 - -19. Let i = s + -8. Let a = 7 + i. What is the remainder when a is divided by 3?
0
Let v be 8/20 - (-82)/(-5). Let b = v - -37. Let l(n) = -2*n**2 + 63*n - 321. What is the remainder when l(24) is divided by b?
18
Let c = -778 - -795. Calculate the remainder when 299 is divided by c.
10
Suppose 0 = p + 4*t - 53, 3*p = -4*t + 5*t + 107. What is the remainder when 1/2*(-52836)/(-259) is divided by p?
28
What is the remainder when 64/(-144) - 6892/(-36) is divided by 13?
9
Let x(j) = -j**3 - 15*j**2 + 26*j + 29. What is the remainder when x(-17) is divided by 54?
3
Let q(v) = -12*v - 9. Let c be q(-6). Suppose 3*o + 3*l - 29 = 2*o, -l + c = 3*o. What is the remainder when o is divided by 6?
2
Let w = -215 + 221. Calculate the remainder when w is divided by 1.
0
Let j(x) be the third derivative of -x**5/6 + x**4/12 - 4*x**2. Let b be j(-3). Let s = b - -136. Calculate the remainder when s is divided by 14.
12
Let d be 2 - 8/(-20)*(0 - -5). Let u = d - -20. Calculate the remainder when 66 is divided by u.
18
Suppose 13 + 2 = -3*r. Let z(s) = -5 + s**3 + 2*s**2 - 10*s + 3*s**2 + 2*s + 6*s. Calculate the remainder when 9 is divided by z(r).
4
Calculate the remainder when 184 is divided by (-2)/5 - (-2992)/80.
36
Suppose -9*u - 356 = -13*u. Calculate the remainder when u is divided by 31.
27
Suppose c - g + 12 = 177, -2*g - 497 = -3*c. Calculate the remainder when c is divided by 57.
53
Suppose 17*v + 810 = 32*v. What is the remainder when 320 is divided by v?
50
Let d = 234 - 201. What is the remainder when 136 is divided by d?
4
Suppose -4 = o - 0*o. Calculate the remainder when 1 + o + 0 + 60 is divided by 20.
17
Suppose -142 + 14 = 4*m. Let p = 96 + m. What is the remainder when p is divided by 17?
13
Let x(p) = -2*p**2 - 5*p - 9. Let t be x(-3). Let w = 6 - t. Suppose k - 204 = -3*k. What is the remainder when k is divided by w?
15
Suppose -9 - 9 = -f. Let y = f - 9. Suppose 5 = -w - 4*a, 5*a + 12 = 3*w - 7. Calculate the remainder when y is divided by w.
0
Let q(u) = 11*u - 20. Suppose 17 + 4 = 7*b. What is the remainder when 48 is divided by q(b)?
9
Let s(j) = 80*j**3 - 4*j**2 + 6*j - 4. What is the remainder when 389 is divided by s(1)?
77
Let k = -744 + 754. What is the remainder when 177 is divided by k?
7
Suppose 0*f + 4*f - 4 = 0. Let g(m) = 11*m**3. Let i(z) = z**2 - 14*z + 6. Calculate the remainder when g(f) is divided by i(14).
5
Let f be 2/(-9) - (-770)/63. Suppose 3*h = -h + f. Suppose 0 = -4*m + h*j + 19, -3*m + 2*j + 36 = 7*j. Calculate the remainder when m is divided by 5.
2
Suppose -4*c + 296 = 36. Calculate the remainder when 259 is divided by c.
64
Let x(j) = 4*j**2 + 2*j. Let n = -49 - -15. Let z = n + 69. What is the remainder when z is divided by x(-2)?
11
Let p = -93 + 178. What is the remainder when p is divided by 29?
27
Let d = 22 - 0. Let f = 76 + -158. What is the remainder when f/(4 + -2 - 4) is divided by d?
19
Suppose -r + 3*r = -4*q + 84, 14 = q + 4*r. Calculate the remainder when q is divided by 5.
2
Calculate the remainder when 271 is divided by -5 + (9 - 4) - -16.
15
Let l(n) = 7*n - 5. Let m(a) = -13*a + 9. Let f(t) = -11*l(t) - 6*m(t). Let u(k) = 2*k**3 - 6*k**2 + k + 3. What is the remainder when u(3) is divided by f(3)?
2
Let m(s) = 30*s**2 + 2*s - 2. Let y be m(2). Let c = y - 107. What is the remainder when 57 is divided by c?
12
Let r(p) = -12*p + 120. Calculate the remainder when r(-9) is divided by 33.
30
Let r = 1128 - 1120. What is the remainder when 105 is divided by r?
1
Let b(r) = -r**2 + 4*r + 1. Calculate the remainder when 195/((-26)/2) - -19 is divided by b(3).
0
Let p(u) = 6*u - 4. Suppose -68*b + 774 = -3238. Calculate the remainder when b is divided by p(4).
19
Let n = 49 - -39. Calculate the remainder when n is divided by 30.
28
Suppose 0 = -2*b + b + 3*a + 14, -5*b + 80 = -5*a. Suppose 23 = 3*i + 14. Suppose b = i*l - 25. Calculate the remainder when 54 is divided by l.
12
Suppose q = w - 4*q - 15, -5*w + 4*q = -96. Let h = w + 26. Calculate the remainder when h is divided by 17.
12
Suppose 5 = 2*u - 25. What is the remainder when (3/2)/(24/1376) is divided by u?
11
Suppose 26 - 131 = -7*i. What is the remainder when 147 is divided by i?
12
Let l = -3 - -34. Let y = -4 - -41. Suppose y = t + 26. What is the remainder when l is divided by t?
9
Let q = 187 - 172. Calculate the remainder when 71 is divided by q.
11
Let p(y) = 3*y + 18. Let v be p(-9). Let u = v + 69. Suppose 4*x - 40 = u. Calculate the remainder when 73 is divided by x.
23
Let b(g) = -15*g**2 + 8*g - 9. Let v be b(1). Let s(u) = u**3 + 16*u**2 - 5*u - 32. Calculate the remainder when s(v) is divided by 21.
6
Let q be -2*(-1 + 6*-1). What is the remainder when 14 is divided by 7*(2 + (-12)/q)?
6
Suppose 12*i + 136 = 592. What is the remainder when 173 is divided by 19/i - 98/(-4)?
23
Suppose 0*a = -a + 4*v + 2, -10 = -5*a - 5*v. Suppose -5*m + 106 = a*l - 214, 3*l + 171 = 3*m. Calculate the remainder when m is divided by 32.
30
Suppose -4*i + 41 - 33 = 0. Suppose 3*r + g = 186, 0 = 3*r - r + i*g - 120. Calculate the remainder when r is divided by 16.
15
Suppose 2 = n - i - 2, 2*i + 13 = 3*n. Let x(h) = -h**2 + 6*h + 1. Let j be x(6). Calculate the remainder when n is divided by ((-8)/(-4))/1*j.
1
Suppose 5*p + 4*g - 200 = 0, -2*p + 2*g - 4*g = -78. Calculate the remainder when p is divided by 24.
20
L